73
What is the greatest common divisor of 17009955 and 495?
45
Calculate the greatest common divisor of 636704 and 31904.
32
Calculate the greatest common divisor of 2250 and 13746750.
750
Calculate the highest common factor of 49502856 and 2496.
312
Calculate the highest common divisor of 441 and 397191207.
147
Calculate the greatest common factor of 6419 and 3.
1
What is the greatest common divisor of 6677 and 808489?
11
What is the greatest common factor of 4047649 and 4689?
521
What is the highest common factor of 40155138 and 12?
6
What is the highest common divisor of 13 and 1010023781?
13
Calculate the greatest common factor of 36 and 201470844.
12
What is the highest common factor of 1434672 and 695196?
4428
Calculate the greatest common divisor of 1145921896 and 5608.
5608
What is the highest common factor of 47570 and 172388?
142
Calculate the highest common divisor of 1735 and 139130.
5
What is the greatest common divisor of 37710 and 13338865?
2095
Calculate the highest common divisor of 385892 and 61500.
164
Calculate the greatest common factor of 3409 and 108432011.
487
What is the highest common divisor of 32998808 and 25730?
166
Calculate the greatest common divisor of 10644627 and 1113.
21
What is the highest common divisor of 187615253 and 14315?
2863
What is the greatest common factor of 19729706 and 1205?
241
What is the highest common factor of 602195 and 209?
11
What is the greatest common divisor of 763791 and 39109?
259
Calculate the greatest common divisor of 1117148 and 86612.
1468
Calculate the highest common divisor of 2076360 and 73320.
1560
What is the highest common factor of 4145 and 281900621?
829
What is the greatest common divisor of 5330287 and 779?
41
Calculate the greatest common factor of 3204920 and 184.
8
Calculate the greatest common factor of 238 and 69166608.
238
What is the highest common factor of 4007936 and 892544?
2432
What is the greatest common divisor of 3320792199 and 93?
93
Calculate the highest common divisor of 4925 and 806818425.
4925
Calculate the highest common factor of 4343396 and 504.
4
Calculate the highest common factor of 351120 and 180070.
110
What is the greatest common divisor of 14329 and 1053423?
161
Calculate the highest common factor of 23268 and 19675587.
831
What is the highest common factor of 30644 and 45919?
47
What is the greatest common divisor of 1702 and 7986934?
46
Calculate the highest common factor of 411426 and 107274.
114
What is the highest common divisor of 36 and 3766557?
3
What is the highest common divisor of 429759759 and 215?
43
Calculate the greatest common divisor of 8510 and 3795830.
370
Calculate the highest common divisor of 1126264 and 672.
8
Calculate the highest common divisor of 329043 and 40053.
507
What is the highest common factor of 182435 and 100595?
1705
Calculate the greatest common factor of 1988 and 338092628.
284
Calculate the highest common factor of 24039 and 13098584.
2671
What is the highest common divisor of 35520 and 28737456?
1776
Calculate the highest common factor of 528405 and 2535.
15
What is the highest common divisor of 118501 and 87205?
163
What is the greatest common divisor of 298350 and 437359?
221
Calculate the highest common factor of 418 and 3339864.
22
What is the highest common factor of 47 and 59462849?
47
What is the highest common divisor of 311970 and 30?
30
Calculate the greatest common divisor of 7537554 and 7632.
954
What is the greatest common divisor of 2329260 and 1140?
60
What is the highest common factor of 304 and 2280361?
19
What is the greatest common factor of 265213 and 84265?
887
Calculate the greatest common factor of 84 and 782171684.
28
Calculate the highest common divisor of 1736 and 49603162.
434
Calculate the highest common factor of 176197626 and 62271.
3663
Calculate the greatest common divisor of 80905962 and 516.
258
Calculate the highest common factor of 28269844 and 306.
34
What is the highest common factor of 1272 and 27027?
3
Calculate the greatest common divisor of 5015 and 211655.
5
What is the highest common factor of 1365151919 and 19?
19
Calculate the highest common divisor of 3969353 and 197.
197
What is the greatest common factor of 74923704 and 7088?
3544
Calculate the highest common factor of 114714 and 320523662.
12746
What is the greatest common factor of 2388 and 30049?
199
Calculate the highest common factor of 2538 and 53433266.
94
What is the greatest common factor of 369864276 and 1704?
852
Calculate the greatest common factor of 42545 and 2445385.
635
Calculate the greatest common divisor of 68420034 and 340866.
11754
What is the highest common factor of 648 and 26034696?
648
Calculate the greatest common factor of 26 and 49148593.
13
Calculate the highest common factor of 3600 and 1219600.
400
What is the greatest common factor of 35605449 and 4938?
2469
Calculate the greatest common divisor of 135983364 and 33.
33
Calculate the highest common divisor of 108 and 1997325.
27
Calculate the highest common factor of 4171 and 759208.
43
What is the highest common factor of 7005 and 34227?
3
Calculate the highest common divisor of 4893062 and 1570.
314
What is the greatest common divisor of 33193316 and 1326?
442
What is the highest common divisor of 82390 and 91909790?
7490
What is the highest common factor of 3288413 and 1243?
113
Calculate the highest common divisor of 2740 and 8741148.
548
What is the greatest common factor of 209296 and 470401?
103
Calculate the greatest common divisor of 467927488 and 71.
71
What is the greatest common divisor of 57195 and 199055?
205
What is the highest common divisor of 1887900 and 2204?
116
What is the highest common factor of 21514 and 248?
62
What is the greatest common divisor of 2007 and 143298?
9
What is the highest common factor of 24980 and 104343958?
2498
What is the highest common divisor of 805691 and 59819?
41
Calculate the greatest common divisor of 37374033 and 7215.
111
Calculate the greatest common factor of 48 and 57058560.
48
Calculate the greatest common divisor of 59 and 1329074002.
59
Calculate the greatest common factor of 1899 and 1826860788.
1899
Calculate the highest common factor of 3596 and 564076.
124
Calculate the greatest common divisor of 182 and 173069351.
91
Calculate the highest common factor of 211336 and 15256.
8
What is the greatest common factor of 325 and 2304475?
25
Calculate the highest common factor of 6245514 and 45.
9
What is the highest common divisor of 2892 and 1620516?
12
What is the greatest common divisor of 12 and 14145669?
3
What is the greatest common divisor of 2356931 and 187?
17
Calculate the greatest common divisor of 18088 and 564319.
133
What is the highest common factor of 44304 and 533182?
26
Calculate the greatest common divisor of 2129368 and 856.
8
What is the greatest common divisor of 9945750 and 5364?
894
Calculate the greatest common factor of 75835548 and 4185.
837
What is the highest common divisor of 77567607 and 237978?
13221
What is the highest common divisor of 43384 and 2237147?
319
Calculate the highest common divisor of 15458 and 10903785.
131
What is the highest common divisor of 3172 and 103046385?
793
What is the highest common factor of 299772 and 6600?
132
Calculate the greatest common divisor of 30806 and 12369453.
211
What is the greatest common divisor of 219563 and 1823113?
2467
Calculate the highest common factor of 17649460 and 173.
173
What is the greatest common factor of 754 and 121238?
26
What is the highest common factor of 248970313 and 4963?
709
What is the greatest common factor of 16 and 1078?
2
What is the highest common factor of 8727200 and 1850?
50
What is the highest common divisor of 1152914 and 3486?
14
Calculate the highest common divisor of 208 and 66482520.
104
Calculate the greatest common divisor of 224192 and 73408.
1984
What is the highest common factor of 451231 and 40513?
1397
Calculate the greatest common divisor of 24 and 796887.
3
Calculate the highest common divisor of 1114886052 and 504.
252
What is the highest common factor of 30 and 56435690?
10
What is the highest common divisor of 12520 and 140792095?
1565
Calculate the highest common factor of 1107 and 158747613.
123
Calculate the greatest common divis